e i(-13).
8
Let m(f) = f**2 - 3*f - 19. Give m(8).
21
Let i(u) = u**3 + 3*u**2 - u + 9. Determine i(-4).
-3
Let p(j) = j**2. Determine p(0).
0
Let k(f) = 11*f**2 - 119*f - 8. What is k(11)?
14
Let i(h) = h**2 + 10*h + 8. Give i(-10).
8
Let l(t) = t**3 + 12*t**2 - 7*t + 32. Give l(-13).
-46
Let g(n) = -n**2 - 2*n + 98. Determine g(-12).
-22
Let a(n) = -27*n + 25. Determine a(1).
-2
Let x(i) = -i - 24. Determine x(-6).
-18
Let a(t) = -t**3 + 12*t**2 + 14*t - 15. Determine a(13).
-2
Let x(o) = o**3 - 3*o**2 - 3*o + 4. Determine x(4).
8
Let j(s) = s + 5. Give j(-2).
3
Let c(d) = -3*d**3 - d**2 + 9*d + 6. What is c(2)?
-4
Let m(k) = k**3 + 8*k**2 + 18*k + 7. Calculate m(-4).
-1
Let m(n) = -8*n**2 - 91*n - 8. Give m(-11).
25
Let m(j) = 6*j + 6. Determine m(8).
54
Let s(w) = -3*w + 3. Determine s(5).
-12
Let f(a) = -17*a - 7. What is f(-2)?
27
Let z(n) = -47*n + 529. Calculate z(11).
12
Let b(f) = 12*f + 53. What is b(-5)?
-7
Let q(k) = -k**2 + 7*k + 2. What is q(7)?
2
Let b(k) = 2*k**3 - k**2 - 2*k - 1. Determine b(-2).
-17
Let c(b) = 11*b - 53. Calculate c(6).
13
Let a(q) = -6*q**2 - 6*q + 1. Determine a(-1).
1
Let x(y) = -3*y**3 - y**2 - 2*y. What is x(-2)?
24
Let s(b) = b**2 - 4*b + 5. Determine s(3).
2
Let u(t) = -4*t**2 + 5*t + 1. What is u(2)?
-5
Let q(d) = -4*d**2 - 4*d - 4. What is q(-2)?
-12
Let m(a) = -a**3 + 10*a**2 + 22*a - 18. Give m(12).
-42
Let l(u) = 3*u**3 - 2*u**2 + 1. Give l(-2).
-31
Let u(g) = -4*g**2 - 7*g - 3. What is u(-5)?
-68
Let g(v) = -v**2 - 11*v + 1. Give g(-11).
1
Let f(c) = -c**3 - 10*c**2 - 3*c - 22. Determine f(-10).
8
Let q(n) = 16*n + 194. Give q(-11).
18
Let l(o) = 13*o + 146. Determine l(-13).
-23
Let c(x) = -x**2 + 6*x + 8. Give c(5).
13
Let x(f) = f + 38. Give x(-36).
2
Let m(d) = -d**3 + 4*d**2 + d + 3. Calculate m(4).
7
Let k(s) = -13*s + 10. Determine k(2).
-16
Let j(u) = u**2 - 3*u - 21. Determine j(8).
19
Let t(j) = -6*j**3 + 2*j + 2. What is t(-1)?
6
Let a(v) = -11*v**3 + v**2 + 4*v + 3. Determine a(-1).
11
Let m(j) = -j**2 + 14*j - 11. Give m(12).
13
Let v(a) = 2*a**3 + 18*a**2 + 11*a + 98. What is v(-9)?
-1
Let d(a) = -26*a - 158. Determine d(-6).
-2
Let x(p) = -4*p + 5. Give x(4).
-11
Let d(z) = z**3 + 6*z**2 + 3*z + 1. Determine d(-6).
-17
Let p(n) = 3*n + 80. Give p(-29).
-7
Let i(z) = z**2 - 7*z + 3. What is i(9)?
21
Let x(n) = n**3 - 12*n**2 + n - 12. Calculate x(12).
0
Let l(c) = c**2 - 19*c + 6. Determine l(19).
6
Let h(w) = -w - 1. Calculate h(13).
-14
Let g(p) = -p**3 + 8*p**2 - p + 3. Give g(8).
-5
Let j(m) = -2*m**2 + m - 3. Give j(-4).
-39
Let x(s) = -2*s**2 - 2. Give x(3).
-20
Let v(u) = -u + 1. Give v(-9).
10
Let q(r) = 68*r + 340. Calculate q(-5).
0
Let s(z) = -2*z**2 + 8*z - 13. Determine s(3).
-7
Let h(j) = -5*j + 19. Determine h(0).
19
Let c(i) = -2*i**2 - 118*i + 11. Give c(-59).
11
Let n(l) = l**2 - 18*l + 31. Determine n(14).
-25
Let t(q) = -q**3 + 6*q**2 - 5*q + 9. Calculate t(5).
9
Let z(x) = x + 65. What is z(-15)?
50
Let r(g) = 2*g**2 - 57*g - 37. What is r(29)?
-8
Let w(j) = 2*j**2 - 32*j + 4. Determine w(16).
4
Let y(x) = x + 7. Determine y(-7).
0
Let t(v) = v**3 + 7*v**2 + 4*v - 14. What is t(-4)?
18
Let b(p) = -59*p + 260. Determine b(5).
-35
Let m(d) = d**3 + 9*d**2 + 10*d - 4. Calculate m(-8).
-20
Let u(t) = t**3 + 21*t**2 - 24*t - 41. Give u(-22).
3
Let k(i) = 14*i + 79. Calculate k(-6).
-5
Let r(m) = -m**3 - 5*m**2 - 4*m - 13. Give r(-5).
7
Let p(z) = -7*z**2 - 8*z - 10. Give p(-4).
-90
Let f(p) = -4*p - 37. What is f(-12)?
11
Let y(a) = a**3 - 2*a**2 - a + 1. What is y(2)?
-1
Let o(r) = r - 3. What is o(-4)?
-7
Let w(z) = -5*z + 19. Determine w(7).
-16
Let z(y) = y**3 - 2*y**2 - 4*y - 1. Determine z(-1).
0
Let s(z) = -3*z - 21. What is s(-11)?
12
Let k(q) = q**2 - q + 3. Calculate k(3).
9
Let v(g) = g**2 + 7*g + 3. Determine v(-6).
-3
Let f(j) = j**3 + 16*j**2 - 46*j - 11. Give f(-19).
-220
Let w(o) = -3*o**2 + 60*o - 10. Give w(21).
-73
Let v(g) = -9*g + 294. Determine v(33).
-3
Let j(d) = 2*d**2 - 23*d - 36. Determine j(13).
3
Let u(w) = -12*w**3 + w**2 + 3*w + 2. What is u(-1)?
12
Let z(f) = 3*f - 12. Determine z(4).
0
Let c(q) = q**3 - 6*q**2 - 6*q + 6. What is c(7)?
13
Let v(x) = x**3 - 17*x**2 - x + 13. Calculate v(17).
-4
Let z(i) = i**2 + 30*i - 46. Calculate z(-27).
-127
Let n(f) = -9*f - 7. What is n(1)?
-16
Let f(s) = -2*s + 24. Calculate f(14).
-4
Let g(m) = -m**3 - 4*m**2 + 14*m + 27. What is g(-6)?
15
Let a(d) = -2*d**2 + 6*d - 2. Determine a(4).
-10
Let q(p) = -8*p**2 - 8*p - 3. What is q(-2)?
-19
Let f(i) = 13*i - 2. Calculate f(-4).
-54
Let o(q) = -5*q**3 - 1. What is o(-2)?
39
Let f(l) = l**2 - 15*l + 30. Give f(12).
-6
Let m(a) = 2*a**2 - 3*a - 1. Give m(4).
19
Let v(c) = -3*c**2 - 7*c - 9. Determine v(-3).
-15
Let q(n) = -37*n + 158. What is q(4)?
10
Let v(j) = j**2 + 11*j - 11. Calculate v(-12).
1
Let o(n) = -6*n**2 + 82*n - 30. Give o(13).
22
Let v(w) = 23*w**2 + 3*w + 3. Determine v(-1).
23
Let w(r) = 2*r**2 - r + 102. What is w(0)?
102
Let h(u) = 16*u - 86. Calculate h(6).
10
Let h(o) = -9*o. Calculate h(5).
-45
Let c(s) = 3*s + 2. Give c(1).
5
Let w(j) = -27*j**2 - 10*j - 10. Give w(-1).
-27
Let d(k) = 2*k - 4. Determine d(-4).
-12
Let i(m) = -m**3 + 25*m**2 - 25*m + 27. Give i(24).
3
Let t(u) = 4*u**2 - 4*u + 2. What is t(1)?
2
Let y(q) = q**3 - 3*q**2 - 7*q - 7. Calculate y(5).
8
Let x(q) = q**2 + 31*q + 238. Give x(-17).
0
Let z(p) = p**3 - 4*p - 5. Give z(4).
43
Let k(c) = 11*c + 5. Determine k(-2).
-17
Let c(d) = d**3 - 9*d**2 - 14*d + 8. What is c(10)?
-32
Let w(q) = q - 43. Give w(0).
-43
Let z(o) = -33*o - 2. Determine z(-1).
31
Let y(u) = u**2 - 17*u + 6. Give y(17).
6
Let q(n) = -n**3 - 10*n**2 - 10*n - 5. Give q(-9).
4
Let n(z) = -5*z + 38. Determine n(8).
-2
Let w(f) = 3*f - 8. Calculate w(11).
25
Let u(j) = j + 12. What is u(-7)?
5
Let d(x) = x. Give d(-7).
-7
Let x(c) = -2*c**3 + 18*c**2 - 7*c - 3. Calculate x(9).
-66
Let z(n) = n - 11. Give z(-9).
-20
Let g(z) = -z**2 + 18*z + 1. Give g(11).
78
Let n(x) = -x**3 + x**2 + 3*x + 4. Give n(3).
-5
Let s(j) = 2*j**3 - j**2 - 7*j - 7. Determine s(3).
17
Let h(k) = -2*k**2 + 16*k - 26. Calculate h(6).
-2
Let i(u) = -u**3 + 32*u**2 - 61*u + 37. What is i(30)?
7
Let s(f) = f**2 - 2*f - 10. Calculate s(-4).
14
Let v(f) = -f**2 + 52*f - 349. Determine v(44).
3
Let i(y) = 3*y - 1. Calculate i(-6).
-19
Let k(o) = 2*o**3 + 15*o**2 + 18*o + 9. Determine k(-5).
44
Let u(y) = y**2 + 13*y - 6. Calculate u(-12).
-18
Let h(i) = -5*i**3 - i - 1. Calculate h(-2).
41
Let z(s) = -2*s**2 - 3*s + 1. What is z(-2)?
-1
Let n(r) = 52*r - 311. Determine n(6).
1
Let a(r) = r**3 + 26*r**2 + r + 17. What is a(-26)?
-9
Let c(b) = 4*b**2 + 2*b + 1. Calculate c(2).
21
Let j(o) = -o + 5. Give j(4).
1
Let g(s) = s**3 + 5*s**2 + 4*s + 1. What is g(-5)?
-19
Let b(o) = 6*o**2 + 13*o - 4. Calculate b(-3).
11
Let s(z) = z**3 - 3*z**2 - z + 5. Calculate s(4).
17
Let j(r) = -36*r. Calculate j(1).
-36
Let f(t) = -21*t + 55. What is f(11)?
-176
Let a(r) = r**2 + 4*r - 72. Determine a(-11).
5
Let n(w) = w**2 + 11*w + 13. Determine n(-9).
-5
Let p(z) = z**3 - 6*z**2 - 3*z - 1. What is p(5)?
-41
Let t(q) = -2*q. Give t(-2).
4
Let s(o) = o**3 + 14*o**2 + 15*o + 14. Determine s(-13).
-12
Let w(r) = -7*r - 5. Give w(-5).
30
Let u(b) = -b**3 - 3*b**2 + 21*b + 54. Calculate u(-5).
-1
Let j(w) = w**2 - 16*w + 17. What is j(14)?
-11
Let w(v) = -v**3 - 17*v**2 - 3. What is w(-17)?
-3
Let u(h) = 2*h**2 + 6*h - 5. What is u(-3)?
-5
Let k(b) = -18*b + 209. Give k(12).
-7
Let a(j) = -5*j**2 - 12*j - 28. Determine a(-4).
-60
Let u(j) = -j - 1. What is u(-7)?
6
Let k(p) = -p**2 + 22*p - 20. Give k(21).
1
Let w(h) = -h**3 + 6*h**2 + 7*h - 25. Determine w(4).
35
Let q(y) = y**2 - 2*y + 1. Give q(0).
1
Let f(u) = 14*u + 2. What is f(-2)?
-26
Let p(l) = 4*l + 26. Calculate p(-4).
10
Let q(n) = -12*n - 47. Determine q(-11).
85
Let y(l) = -l + 29. Give y(12).
17
Let o(c) = c**2 - 24*c - 5. Give o(24).
-5
Let f(z) = 7*z + 40. Give f(-8).
-16
Let t(i) = -i**3 + 6*i**2 + 2*i - 19. Give t(4).
21
Let s(u) = -u**3 + 3*u**2 + 3*u - 6. Give s(2).
4
Let p(t) = 65*t + 657. Calculate p(-10).
7
Let g(b) = -11*b**2 + 66*b + 5. Give g(6).
5
Let t(l) = -4*l - 60. Calculate t(-16).
4
Let f(u) = -u**2 - 8*u - 7. What is f(-5)?
8
Let j(a) = -a**2 + 2*a - 5. What 